le of 845?
True
Does 306 divide 35143794?
True
Is 2193 a factor of 119529465?
True
Does 3464 divide 1321557568?
True
Does 16 divide 809016688?
True
Is 1912 a factor of 20311176?
True
Is 36530037 a multiple of 9?
True
Is 84200071 a multiple of 4522?
False
Is 84932166 a multiple of 178?
True
Is 40 a factor of 463152902?
False
Does 256 divide 42885376?
True
Is 1457 a factor of 47158111?
False
Does 2826 divide 570920154?
False
Is 163908 a multiple of 314?
True
Is 129126945 a multiple of 1311?
True
Is 112 a factor of 692769952?
True
Is 60 a factor of 114989520?
True
Is 1170083954 a multiple of 247?
True
Is 2632 a factor of 111282275?
False
Does 1297 divide 109276141?
True
Is 1602458760 a multiple of 578?
True
Is 13 a factor of 457362306?
False
Is 1020260540 a multiple of 65?
True
Does 7 divide 9968790?
False
Is 64709942 a multiple of 979?
True
Does 223 divide 160582300?
True
Is 601427580 a multiple of 130?
True
Is 57556077 a multiple of 669?
True
Is 224 a factor of 14469637?
False
Is 422 a factor of 633430778?
False
Does 58 divide 3004556?
False
Is 178 a factor of 115294305?
False
Is 98 a factor of 803735239?
False
Is 70 a factor of 77172373?
False
Does 48 divide 205061077?
False
Is 66 a factor of 17899793?
False
Does 1065 divide 708940680?
True
Is 11 a factor of 2760670615?
False
Is 261 a factor of 102771449?
False
Does 2541 divide 16688019?
False
Is 786 a factor of 35181360?
True
Is 29999287 a multiple of 19?
False
Is 209059605 a multiple of 565?
True
Is 124635413 a multiple of 116?
False
Does 1283 divide 262519762?
True
Is 344 a factor of 13150776?
True
Is 55009455 a multiple of 1236?
False
Does 223 divide 47356949?
True
Does 144 divide 455830128?
True
Is 6755 a factor of 412311690?
True
Is 76 a factor of 280245405?
False
Does 13 divide 6165787484?
False
Does 19 divide 2689193601?
False
Does 58 divide 628826082?
True
Is 9 a factor of 3456468?
True
Is 6 a factor of 4052542?
False
Is 2511236840 a multiple of 760?
True
Is 328477734 a multiple of 4266?
True
Does 4 divide 439047746?
False
Is 82819100 a multiple of 1729?
True
Is 164783463 a multiple of 1781?
True
Is 66 a factor of 55347957?
False
Is 82924803 a multiple of 27?
True
Does 234 divide 81933834?
False
Is 2927907 a multiple of 243?
True
Is 4 a factor of 320415780?
True
Is 4 a factor of 22861688?
True
Is 83059508 a multiple of 1052?
False
Is 254 a factor of 206212540?
False
Is 15 a factor of 874529865?
True
Is 15 a factor of 46096005?
True
Is 302869 a multiple of 2?
False
Is 23880758 a multiple of 9?
False
Is 128331370 a multiple of 361?
False
Does 1259 divide 241162293?
False
Does 22 divide 24334458?
False
Is 5248188 a multiple of 198?
True
Does 2001 divide 2823841215?
True
Does 103 divide 66940524?
True
Does 73 divide 9226324?
True
Is 475856626 a multiple of 994?
True
Does 21 divide 159642556?
False
Is 985555512 a multiple of 20?
False
Is 34653654 a multiple of 2402?
True
Is 32 a factor of 22049056?
True
Does 277 divide 51399566?
True
Is 37121160 a multiple of 1480?
False
Is 53424846 a multiple of 646?
True
Is 23163686 a multiple of 13?
True
Is 459 a factor of 299854676?
False
Is 23 a factor of 31851343?
True
Is 45880288 a multiple of 32?
True
Is 7813 a factor of 642617644?
False
Is 67 a factor of 6693358?
False
Is 1068927166 a multiple of 87?
False
Is 8132801 a multiple of 14?
False
Does 54 divide 555041706?
False
Does 5980 divide 310248380?
True
Is 710719203 a multiple of 57?
False
Does 593 divide 18488554?
True
Does 8525 divide 75531500?
True
Does 102 divide 274978128?
True
Does 87 divide 352409345?
False
Is 7120720245 a multiple of 15?
True
Is 41 a factor of 511188?
True
Is 35571360 a multiple of 440?
True
Is 219056981 a multiple of 1313?
True
Does 2965 divide 251286715?
True
Is 2650 a factor of 29905250?
True
Is 60 a factor of 103056537?
False
Is 1587290 a multiple of 148?
False
Does 10 divide 31119070?
True
Is 25 a factor of 130763675?
True
Is 7 a factor of 25571063?
True
Is 2673 a factor of 83099886?
False
Does 78 divide 29982014?
False
Is 51 a factor of 34627980?
True
Is 3558 a factor of 1668620645?
False
Does 42 divide 159266282?
False
Is 3511383 a multiple of 73?
False
Does 102 divide 372467064?
False
Is 160663091 a multiple of 2366?
False
Does 1157 divide 581737227?
False
Is 732864 a multiple of 134?
False
Is 15 a factor of 92546535?
True
Is 1598 a factor of 82386488?
True
Is 37 a factor of 73085291?
False
Is 1203 a factor of 4548543?
True
Is 89581674 a multiple of 2577?
True
Is 44191476 a multiple of 170?
False
Does 496 divide 100145872?
True
Is 3935960340 a multiple of 390?
True
Is 142701194 a multiple of 5826?
False
Is 1347 a factor of 94357908?
False
Does 2480 divide 1824834894?
False
Is 401 a factor of 141484587?
False
Is 34719688 a multiple of 38?
True
Is 193576140 a multiple of 618?
True
Does 161 divide 16961511?
True
Is 389936628 a multiple of 6?
True
Is 31 a factor of 1121927665?
True
Is 670 a factor of 1352835036?
False
Does 13 divide 18503043?
True
Does 1130 divide 2141440798?
False
Is 3228 a factor of 31463316?
True
Does 32 divide 4226867136?
True
Is 275806326 a multiple of 6343?
True
Is 216 a factor of 147208536?
True
Is 259949140 a multiple of 10?
True
Is 291551360 a multiple of 1055?
True
Is 1848394050 a multiple of 491?
True
Is 3077519 a multiple of 97?
True
Is 1033375434 a multiple of 14?
True
Does 127 divide 101740423?
False
Is 188317539 a multiple of 443?
False
Does 22 divide 12463770?
True
Does 62 divide 229568704?
False
Is 28672025 a multiple of 93?
False
Is 37 a factor of 110303586?
True
Does 404 divide 1141790208?
False
Does 25 divide 302631450?
True
Does 6 divide 6288880?
False
Is 6063848 a multiple of 4?
True
Is 28842580 a multiple of 65?
True
Does 24 divide 1888992?
True
Is 100 a factor of 7727763?
False
Is 188 a factor of 2421578180?
True
Is 2805 a factor of 1529078430?
True
Is 112 a factor of 223425320?
False
Is 1945576989 a multiple of 2987?
False
Is 63 a factor of 41857881?
False
Is 13 a factor of 598819026?
True
Does 98 divide 125309268?
True
Is 51 a factor of 49042758?
False
Is 450798275 a multiple of 2185?
True
Is 60699596 a multiple of 857?
True
Is 1010 a factor of 1123768941?
False
Is 33 a factor of 272114758?
False
Is 852 a factor of 514035456?
True
Does 8 divide 7210130?
False
Does 515 divide 4756025?
True
Is 676704 a multiple of 28?
True
Is 6076206 a multiple of 9?
True
Does 1521 divide 2519290098?
True
Does 121 divide 43344309?
False
Is 500 a factor of 43809000?
True
Is 37 a factor of 1863074338?
False
Is 239 a factor of 3590258?
True
Is 102709230 a multiple of 2067?
True
Is 1782 a factor of 783911080?
False
Does 1702 divide 46414804?
False
Does 5328 divide 886789086?
False
Is 72501099 a multiple of 538?
False
Is 1711 a factor of 101542717?
True
Is 32 a factor of 775427904?
True
Does 717 divide 13537234?
False
Is 3164 a factor of 825631923?
False
Is 4704235045 a multiple of 11614?
False
Is 191 a factor of 15849248?
False
Is 38612641 a multiple of 1892?
False
Does 10 divide 10002340?
True
Is 63 a factor of 35165144?
False
Does 9 divide 689378?
False
Is 67457187 a multiple of 321?
True
Is 25755860 a multiple of 115?
True
Is 1037 a factor of 161210216?
False
Is 92474237 a multiple of 474?
False
Is 121528497 a multiple of 1654?
False
Is 1997 a factor of 88213481?
True
Is 2000 a factor of 1588200000?
True
Does 21 divide 1429366370?
False
Is 95404700 a multiple of 295?
False
Is 3 a factor of 26075116?
False
Is 18 a factor of 67222652?
False
Does 168 divide 1092651000?
True
Is 2547116437 a multiple of 64?
False
Is 1319312576 a multiple of 666?
False
Does 7179 divide 2086145610?
True
Is 49 a factor of 1304479582?
False
Does 7042 divide 1373295630?
True
Is 527890057 a multiple of 96?
False
Is 14405584 a multiple of 37?
False
Does 45 divide 2932089?
False
Is 132898070 a multiple of 1233?
False
Is 10 a factor of 64383986?
False
Does 7 divide 9068950?
False
Is 570792600 a multiple of 1068?
True
Is 802 a factor of 60298987?
False
Does 1316 divide 81599589?
False
Is 326 a factor of 2688196?
True
Is 1069737792 a multiple of 64?
True
Does 7 divide 20603758?
True
Is 1661403460 a multiple of 62?
True
Is 558939880 a multiple of 2495?
True
Is 60 a factor of 216358560?
True
Does 20 divide 844702200?
True
Does 105 divide 275748480?
True
Is 1775093167 a multi